{"id":169,"date":"2024-05-28T14:47:46","date_gmt":"2024-05-28T14:47:46","guid":{"rendered":"https:\/\/stayinsolheimar.is\/islenska\/?page_id=169"},"modified":"2024-05-28T14:47:46","modified_gmt":"2024-05-28T14:47:46","slug":"skilmalar","status":"publish","type":"page","link":"https:\/\/stayinsolheimar.is\/islenska\/skilmalar\/","title":{"rendered":"Skilm\u00e1lar"},"content":{"rendered":"<p>[et_pb_section fb_built=&#8221;1&#8243; theme_builder_area=&#8221;post_content&#8221; _builder_version=&#8221;4.14.8&#8243; _module_preset=&#8221;default&#8221;][et_pb_row _builder_version=&#8221;4.14.8&#8243; _module_preset=&#8221;default&#8221; theme_builder_area=&#8221;post_content&#8221;][et_pb_column _builder_version=&#8221;4.14.8&#8243; _module_preset=&#8221;default&#8221; type=&#8221;4_4&#8243; theme_builder_area=&#8221;post_content&#8221;][et_pb_text _builder_version=&#8221;4.14.8&#8243; _module_preset=&#8221;default&#8221; theme_builder_area=&#8221;post_content&#8221; text_font_size=&#8221;24px&#8221; text_font=&#8221;Belleza||||||||&#8221; text_line_height=&#8221;1.8em&#8221; hover_enabled=&#8221;0&#8243; sticky_enabled=&#8221;0&#8243;]<\/p>\n<p>Skilm\u00e1lar<br \/>Almennar uppl\u00fdsingar<\/p>\n<p>INNRITUN &amp; \u00daTRITUN<br \/>Innskr\u00e1ning: fr\u00e1 kl. 16:00. \u00datritun: fram til kl. 11:00.<\/p>\n<p>AFB\u00d3KUN<br \/>Afp\u00f6ntunar- og fyrirframgrei\u00f0sluskilm\u00e1lar eru breytilegir eftir herbergistegund. Afb\u00f3kun einstaklings ver\u00f0ur a\u00f0 hafa borist skriflega innan 48 t\u00edma fyrir komut\u00edma. Ef afb\u00f3ka\u00f0 er me\u00f0 styttri fyrirvara \u00fearf a\u00f0 grei\u00f0a fyrir eina gistin\u00f3tt. Sama gildir um no show. Vinsamlegast hafi\u00f0 samband vi\u00f0 h\u00f3teli\u00f0 til a\u00f0 f\u00e1 \u00edtarlegri uppl\u00fdsingar.<\/p>\n<p>G\u00c6LUD\u00ddR<br \/>G\u00e6lud\u00fdr eru ekki leyf\u00f0 \u00e1 gistiheimilinu.<\/p>\n<p>GREI\u00d0SLUKORT<br \/>Gistiheimilin \u00e1 S\u00f3lheimum \u00e1skilja s\u00e9r \u00feann r\u00e9tt til a\u00f0 taka fr\u00e1 upph\u00e6\u00f0 t\u00edmabundi\u00f0 af grei\u00f0slukortinu \u00fe\u00ednu fyrir komu.<\/p>\n<p>\u00d6RYGGISM\u00c1L<br \/>Markmi\u00f0i\u00f0 gistiheimilanna \u00e1 S\u00f3lheimum er a\u00f0 leggja \u00e1herslu \u00e1 \u00e1rei\u00f0anleika og \u00f6ryggi me\u00f0 \u00e1byrgum rekstri. \u00d6ryggisstefna fyrirt\u00e6kisins er m\u00f3tu\u00f0 \u00fat fr\u00e1 l\u00f6gum nr. 46\/1980 um a\u00f0b\u00fana\u00f0, hollustu og \u00f6ryggi starfsmanna og \u00f6ryggishandb\u00f3k fyrir gistista\u00f0i, veitingasta\u00f0i og skemmtista\u00f0i sem gefin er \u00fat af SAF.<\/p>\n<p>B\u00d6RN OG AUKAR\u00daM<br \/>\u00d6ll b\u00f6rn yngri en 2 \u00e1ra dvelja \u00e1n grei\u00f0slu \u00ed barnar\u00fami. Fyrir \u00f6ll b\u00f6rn eldri en 2 \u00e1ra er innheimt aukagjald fyrir n\u00f3tt \u00ed aukar\u00fami. Gjaldi\u00f0 fer eftir gjaldskr\u00e1 h\u00f3telsins hverju sinni.<\/p>\n<p>HERBERGJAUPPF\u00c6RSLA<br \/>Vi\u00f0 getum bo\u00f0i\u00f0 upp \u00e1 herbergjauppf\u00e6rslu gegn sm\u00e1 aukagjaldi svo lengi sem vi\u00f0 eigum laus herbergi.<\/p>\n<p>UMHVERFISSTEFNA<br \/>Hj\u00e1lpa\u00f0u okkur a\u00f0 var\u00f0veita n\u00e1tt\u00faruau\u00f0lindir \u00cdslands. Vi\u00f0 erum umhverfisv\u00e6nt gistiheimili og stu\u00f0lum \u00e1vallt a\u00f0 \u00fev\u00ed a\u00f0 okkar \u201ekolefnisf\u00f3tspor\u201c s\u00e9u minnst. Me\u00f0 ykkar hj\u00e1lp getum vi\u00f0 gert enn betur. Markmi\u00f0 Gistiheimilanna \u00e1 S\u00f3lheimum er a\u00f0 vera til fyrirmyndar \u00ed umhverfism\u00e1lum, me\u00f0 \u00fev\u00ed a\u00f0 halda neikv\u00e6\u00f0um umhverfis\u00e1hrifum af starfseminni \u00ed l\u00e1gmarki. Sj\u00e1lfb\u00e6r \u00fer\u00f3un er h\u00f6f\u00f0 a\u00f0 lei\u00f0arlj\u00f3si \u00ed allri starfsemi gistiheimilanna.<\/p>\n<p>Fri\u00f0helgisstefna<br \/>STILLINGAR \u00c1 VAFRAK\u00d6KUM:<br \/>\u00c1 \u00feessu vefsv\u00e6\u00f0i eru nota\u00f0ar vafrak\u00f6kur til \u00feess a\u00f0 tryggja bestu m\u00f6gulegu upplifun notenda.<\/p>\n<p>NOTKUN \u00c1 VAFRAK\u00d6KUM<br \/>Vafrak\u00f6kur (e. Cookies) eru litlar textaskr\u00e1r sem vistast \u00ed t\u00f6lvu notandans. \u00de\u00e6r eru nota\u00f0ar til \u00feess a\u00f0 bera kennsl \u00e1 notendur og til a\u00f0 greina heims\u00f3knir \u00e1 vefs\u00ed\u00f0una okkar.<\/p>\n<p>Notkun \u00e1 vafrak\u00f6kum gerir okkur kleift a\u00f0 fylgjast me\u00f0 hvernig notendur nota s\u00ed\u00f0una og hvernig vi\u00f0 getum a\u00f0laga\u00f0 vefinn betur a\u00f0 \u00fe\u00f6rfum \u00feeirra. Vi\u00f0 hverja komu inn \u00e1 vefinn er skr\u00e1\u00f0ur t\u00edmi og dagsetning, leitaror\u00f0, fr\u00e1 hva\u00f0a vefs\u00ed\u00f0u er komi\u00f0, tegund vafra og st\u00fdrikerfi. Gistiheimilin \u00e1 S\u00f3lheimum nota g\u00f6gn sem safna\u00f0 er me\u00f0 t.d. Google Analytics til \u00feess a\u00f0 b\u00e6ta \u00fej\u00f3nustu okkar. Vafrak\u00f6kur innihalda sjaldnast e\u00f0a aldrei einhverjar pers\u00f3nuuppl\u00fdsingar um notendur.<\/p>\n<p>Sumar vafrak\u00f6kur eru nau\u00f0synlegar fyrir virkni vefsv\u00e6\u00f0a og koma m.a. \u00ed veg fyrir \u00e1rasir t\u00f6lvu\u00ferj\u00f3ta. T\u00edmabundnar vafrak\u00f6kur ey\u00f0ast \u00feegar notandi fer af vefsv\u00e6\u00f0i og eru \u00fev\u00ed ekki vista\u00f0ar til lengri t\u00edma en a\u00f0rar vafrak\u00f6kur hafa lengri gildist\u00edma.<br \/>Notendur geta stillt vafra s\u00edna \u00feannig a\u00f0 \u00feeir l\u00e1ti vita af k\u00f6kum e\u00f0a hafni \u00feeim me\u00f0 \u00f6llu. Athuga skal a\u00f0 ef loka\u00f0 er \u00e1 allar k\u00f6kur, mun \u00fea\u00f0 a\u00f0 \u00f6llum l\u00edkindum hafa \u00e1hrif \u00e1 virkni s\u00ed\u00f0unnar.<\/p>\n<p>ME\u00d0FER\u00d0 \u00c1 PERS\u00d3NUUPPL\u00ddSINGUM<br \/>\u00de\u00e6r pers\u00f3nuuppl\u00fdsingar sem kunna a\u00f0 ver\u00f0a til vi\u00f0 notkun \u00e1 k\u00f6kum ver\u00f0a me\u00f0h\u00f6ndla\u00f0ar og unni\u00f0 me\u00f0 \u00fe\u00e6r \u00ed samr\u00e6mi vi\u00f0 \u00e1kv\u00e6\u00f0i laga nr. 77\/2000 um pers\u00f3nuvernd og me\u00f0fer\u00f0 pers\u00f3nuuppl\u00fdsinga.<\/p>\n<p>Viltu spyrja einhvers um vefk\u00f6kur og pers\u00f3nuuppl\u00fdsingar? Haf\u00f0u \u00fe\u00e1 samband vi\u00f0 okkur \u00ed gegnum info@stayinsolheimar.is e\u00f0a sent okkur fyrirspurn h\u00e9r.<\/p>\n<p>Gistiheimilin \u00e1 S\u00f3lheimum \u2013 Fossvellir ehf.<br \/>Eyv\u00edk 1, 805 Selfoss<br \/>Kennitala: 460720-0520<br \/>VSK N\u00famer: 150695<\/p>\n<p>[\/et_pb_text][\/et_pb_column][\/et_pb_row][\/et_pb_section]<\/p>\n","protected":false},"excerpt":{"rendered":"<p>Skilm\u00e1larAlmennar uppl\u00fdsingar INNRITUN &amp; \u00daTRITUNInnskr\u00e1ning: fr\u00e1 kl. 16:00. \u00datritun: fram til kl. 11:00. AFB\u00d3KUNAfp\u00f6ntunar- og fyrirframgrei\u00f0sluskilm\u00e1lar eru breytilegir eftir herbergistegund. Afb\u00f3kun einstaklings ver\u00f0ur a\u00f0 hafa borist skriflega innan 48 t\u00edma fyrir komut\u00edma. Ef afb\u00f3ka\u00f0 er me\u00f0 styttri fyrirvara \u00fearf a\u00f0 grei\u00f0a fyrir eina gistin\u00f3tt. Sama gildir um no show. Vinsamlegast hafi\u00f0 samband vi\u00f0 h\u00f3teli\u00f0 til [&hellip;]<\/p>\n","protected":false},"author":2,"featured_media":0,"parent":0,"menu_order":0,"comment_status":"closed","ping_status":"closed","template":"","meta":{"_et_pb_use_builder":"on","_et_pb_old_content":"","_et_gb_content_width":"","footnotes":""},"class_list":["post-169","page","type-page","status-publish","hentry"],"_links":{"self":[{"href":"https:\/\/stayinsolheimar.is\/islenska\/wp-json\/wp\/v2\/pages\/169","targetHints":{"allow":["GET"]}}],"collection":[{"href":"https:\/\/stayinsolheimar.is\/islenska\/wp-json\/wp\/v2\/pages"}],"about":[{"href":"https:\/\/stayinsolheimar.is\/islenska\/wp-json\/wp\/v2\/types\/page"}],"author":[{"embeddable":true,"href":"https:\/\/stayinsolheimar.is\/islenska\/wp-json\/wp\/v2\/users\/2"}],"replies":[{"embeddable":true,"href":"https:\/\/stayinsolheimar.is\/islenska\/wp-json\/wp\/v2\/comments?post=169"}],"version-history":[{"count":2,"href":"https:\/\/stayinsolheimar.is\/islenska\/wp-json\/wp\/v2\/pages\/169\/revisions"}],"predecessor-version":[{"id":172,"href":"https:\/\/stayinsolheimar.is\/islenska\/wp-json\/wp\/v2\/pages\/169\/revisions\/172"}],"wp:attachment":[{"href":"https:\/\/stayinsolheimar.is\/islenska\/wp-json\/wp\/v2\/media?parent=169"}],"curies":[{"name":"wp","href":"https:\/\/api.w.org\/{rel}","templated":true}]}}